 is divided by 379?
373
What is the remainder when 106145 is divided by 80?
65
Calculate the remainder when 196290 is divided by 153.
144
Calculate the remainder when 12084 is divided by 482.
34
Calculate the remainder when 10306 is divided by 1282.
50
Calculate the remainder when 658648 is divided by 3944.
0
What is the remainder when 14239 is divided by 7038?
163
Calculate the remainder when 1473 is divided by 479.
36
What is the remainder when 420 is divided by 224?
196
Calculate the remainder when 1422 is divided by 53.
44
What is the remainder when 4911 is divided by 503?
384
What is the remainder when 936507 is divided by 19?
16
What is the remainder when 19642 is divided by 6191?
1069
Calculate the remainder when 2065 is divided by 36.
13
What is the remainder when 5255 is divided by 596?
487
What is the remainder when 2637 is divided by 46?
15
Calculate the remainder when 18804 is divided by 752.
4
What is the remainder when 924690 is divided by 72?
66
Calculate the remainder when 2591 is divided by 512.
31
Calculate the remainder when 65765 is divided by 21913.
26
Calculate the remainder when 5372 is divided by 890.
32
What is the remainder when 8520 is divided by 1313?
642
Calculate the remainder when 120728 is divided by 30.
8
Calculate the remainder when 151727 is divided by 540.
527
Calculate the remainder when 7980 is divided by 2616.
132
Calculate the remainder when 890 is divided by 543.
347
Calculate the remainder when 99379 is divided by 12.
7
What is the remainder when 2741 is divided by 149?
59
Calculate the remainder when 15804 is divided by 243.
9
What is the remainder when 360477 is divided by 36046?
17
What is the remainder when 21842 is divided by 227?
50
Calculate the remainder when 1635 is divided by 1605.
30
What is the remainder when 12129 is divided by 21?
12
Calculate the remainder when 1690407 is divided by 413.
411
What is the remainder when 14728 is divided by 82?
50
Calculate the remainder when 25474 is divided by 9.
4
Calculate the remainder when 8499 is divided by 328.
299
Calculate the remainder when 466963 is divided by 79.
73
Calculate the remainder when 88967 is divided by 219.
53
What is the remainder when 10357 is divided by 1198?
773
What is the remainder when 22164 is divided by 4?
0
Calculate the remainder when 60859 is divided by 57.
40
Calculate the remainder when 16178 is divided by 4038.
26
Calculate the remainder when 885 is divided by 702.
183
What is the remainder when 248212 is divided by 63?
55
Calculate the remainder when 16712 is divided by 162.
26
What is the remainder when 1417 is divided by 414?
175
What is the remainder when 2838 is divided by 271?
128
What is the remainder when 24637 is divided by 24603?
34
Calculate the remainder when 270866 is divided by 59.
56
Calculate the remainder when 2958 is divided by 493.
0
What is the remainder when 2822 is divided by 98?
78
What is the remainder when 236 is divided by 54?
20
Calculate the remainder when 618952 is divided by 103157.
10
Calculate the remainder when 8792 is divided by 135.
17
Calculate the remainder when 96630 is divided by 27.
24
Calculate the remainder when 186989 is divided by 1087.
25
Calculate the remainder when 526 is divided by 526.
0
What is the remainder when 1745 is divided by 67?
3
Calculate the remainder when 73538 is divided by 293.
288
Calculate the remainder when 5615 is divided by 332.
303
What is the remainder when 2062 is divided by 660?
82
What is the remainder when 728 is divided by 240?
8
Calculate the remainder when 324578 is divided by 18.
2
Calculate the remainder when 210687 is divided by 45.
42
Calculate the remainder when 46470 is divided by 240.
150
What is the remainder when 12689 is divided by 90?
89
What is the remainder when 13769 is divided by 212?
201
What is the remainder when 3691 is divided by 478?
345
What is the remainder when 17173 is divided by 8578?
17
What is the remainder when 24280 is divided by 4840?
80
What is the remainder when 793 is divided by 25?
18
What is the remainder when 45461 is divided by 4546?
1
Calculate the remainder when 7373 is divided by 14.
9
Calculate the remainder when 22496 is divided by 1119.
116
What is the remainder when 48254 is divided by 8020?
134
Calculate the remainder when 11132 is divided by 2457.
1304
What is the remainder when 26610 is divided by 155?
105
Calculate the remainder when 2604671 is divided by 152.
151
Calculate the remainder when 17035 is divided by 16.
11
Calculate the remainder when 77495 is divided by 62.
57
Calculate the remainder when 50255 is divided by 97.
9
Calculate the remainder when 26141 is divided by 17.
12
Calculate the remainder when 21975777 is divided by 380.
377
Calculate the remainder when 14053 is divided by 41.
31
Calculate the remainder when 2628642 is divided by 155.
152
Calculate the remainder when 205739 is divided by 616.
611
Calculate the remainder when 10247 is divided by 82.
79
Calculate the remainder when 79796 is divided by 39891.
14
Calculate the remainder when 715 is divided by 28.
15
Calculate the remainder when 17555 is divided by 228.
227
Calculate the remainder when 1044 is divided by 254.
28
What is the remainder when 3277 is divided by 142?
11
What is the remainder when 4706 is divided by 935?
31
Calculate the remainder when 698 is divided by 89.
75
Calculate the remainder when 3364 is divided by 1099.
67
Calculate the remainder when 24632 is divided by 848.
40
Calculate the remainder when 11305 is divided by 66.
19
Calculate the remainder when 38869 is divided by 381.
7
What is the remainder when 603582 is divided by 2847?
18
Calculate the remainder when 2361 is divided by 259.
30
Calculate the remainder when 133569 is divided by 264.
249
Calculate the remainder when 1278 is divided by 966.
312
What is the remainder when 8459 is divided by 8446?
13
Calculate the remainder when 64996 is divided by 314.
312
What is the remainder when 9658 is divided by 84?
82
Calculate the remainder when 77 is divided by 39.
38
What is the remainder when 3137 is divided by 285?
2
What is the remainder when 859315 is divided by 280?
275
Calculate the remainder when 3197 is divided by 740.
237
Calculate the remainder when 144511 is divided by 61.
2
Calculate the remainder when 2136 is divided by 388.
196
Calculate the remainder when 1479527 is divided by 65.
62
Calculate the remainder when 32888 is divided by 230.
228
What is the remainder when 19444 is divided by 2429?
12
Calculate the remainder when 148290 is divided by 131.
129
Calculate the remainder when 36244 is divided by 509.
105
Calculate the remainder when 49288 is divided by 1365.
148
Calculate the remainder when 15597 is divided by 5021.
534
Calculate the remainder when 115836 is divided by 38603.
27
What is the remainder when 266836 is divided by 17788?
16
Calculate the remainder when 149318 is divided by 271.
268
What is the remainder when 945 is divided by 104?
9
What is the remainder when 2594 is divided by 396?
218
Calculate the remainder when 114634 is divided by 59.
56
What is the remainder when 83435 is divided by 141?
104
What is the remainder when 87221 is divided by 258?
17
Calculate the remainder when 2846 is divided by 37.
34
Calculate the remainder when 50741 is divided by 295.
1
What is the remainder when 81468 is divided by 16?
12
What is the remainder when 8059 is divided by 193?
146
Calculate the remainder when 2965 is divided by 238.
109
What is the remainder when 103394 is divided by 55?
49
What is the remainder when 6445 is divided by 290?
65
Calculate the remainder when 41482 is divided by 601.
13
Calculate the remainder when 17461 is divided by 406.
3
What is the remainder when 616852 is divided by 41?
7
Calculate the remainder when 1371 is divided by 1057.
314
Calculate the remainder when 7245 is divided by 42.
21
What is the remainder when 1593 is divided by 58?
27
What is the remainder when 80193 is divided by 123?
120
Calculate the remainder when 18718 is divided by 340.
18
What is the remainder when 2207 is divided by 1102?
3
What is the remainder when 75569 is divided by 12588?
41
Calculate the remainder when 4209 is divided by 282.
261
What is the remainder when 72123 is divided by 46?
41
What is the remainder when 10